ommon factor of s and 12?
12
Let a be 175/(-525)*-2996*3. What is the greatest common divisor of 168 and a?
28
Let g be (2*3)/(576/550368). Calculate the greatest common divisor of 45 and g.
9
Let b be ((-42)/18)/((-4)/12). Let q be (4/3)/((-8)/132*1). Let p = 29 + q. Calculate the greatest common divisor of p and b.
7
Suppose -m + 4*m - f = 8, 0 = 2*m + 4*f - 10. Suppose 7*x - m*x - 8 = 0. Suppose x*h = -h + 126. What is the greatest common divisor of h and 7?
7
Suppose 31*k + 53*k - 163548 = 0. Calculate the highest common divisor of 528 and k.
33
Let g be ((-4)/(-24))/((-2)/(-60)). Suppose 0 = 3*t - 9, g*h + 24 = -2*t. Let p = 46 + h. What is the greatest common divisor of 10 and p?
10
Let o(g) = g**3 + 20*g**2 - 22*g - 19. Let q be o(-21). Suppose q*h = -2*h + 1392. What is the highest common factor of 12 and h?
12
Let t = -203 - -334. Suppose -17 = 6*w - t. What is the highest common divisor of w and 19?
19
Suppose 25*m = 22*m - 42. Let v(d) = -d**2 - 49*d - 9. Let w be v(m). Calculate the highest common factor of 13 and w.
13
Let l be (-29)/(116/16) + 7. Let v be (1 - 6/4)*0. Suppose -24 = -h - v*h. What is the highest common divisor of l and h?
3
Suppose -34 = -2*i + i. Suppose 0 = -z - 5, -t + 399*z - 402*z + 138 = 0. What is the greatest common factor of i and t?
17
Suppose 5*m - 84 = -2*y, 0 = -11*y - 26*m + 21*m + 462. What is the greatest common divisor of y and 134?
2
Suppose -513*z + 506*z = 364. Let y be (2*-1)/(z/1248). Calculate the highest common factor of 96 and y.
48
Suppose 4*k + 307 = -l, 5*l - 3*l + 640 = 5*k. Let o = -210 - l. What is the highest common factor of o and 15?
15
Let p(c) be the third derivative of 5*c**4/12 + 13*c**3/3 + 76*c**2. Let m be p(5). What is the greatest common factor of m and 418?
38
Suppose 186*t = -6*t + 47424. Calculate the highest common factor of t and 361.
19
Let q be -75 + 74 + 1*163. Suppose -2042 = -19*z + q. Calculate the greatest common divisor of 8 and z.
4
Suppose 13611 = 65*n - 9009. What is the greatest common divisor of n and 783?
87
Let h = 740 + -398. Let d(b) = b**3 - b**2 - b + 18. Let p be d(0). What is the greatest common divisor of h and p?
18
Let f(j) = -139*j - 1370. Let b be f(-11). What is the highest common factor of 4717 and b?
53
Let l = 380 - 385. Let g be 9/(-2)*l*2. Suppose 0*x - 5*x = 3*p - 65, -4*x + 46 = 2*p. Calculate the greatest common factor of p and g.
15
Let t(n) = 17*n - 1713. Let o be t(109). What is the highest common factor of o and 805?
35
Let k = -5862 - -5905. Calculate the highest common factor of 11739 and k.
43
Suppose 2*n = z + 34509, n - 2607 = 3*z + 14640. What is the highest common divisor of n and 48?
24
Let p = 11520 + -11484. What is the highest common divisor of 1014 and p?
6
Suppose -58*b + 4570 = -7982 + 720. What is the greatest common factor of b and 1564?
68
Suppose 0 = -3*p - 3*v - 36, 2*p - v + 6 = p. Let o be (p - (0 - 24/(-6)))*-7. What is the highest common factor of o and 819?
91
Let g = -355 + 358. Suppose 5*l + 44 = g*z, -2*l = 3*z - 3*l - 52. Let p be (-52)/(-6) + (-4)/(-12). What is the highest common factor of z and p?
9
Let t(p) = 13*p - 854. Let l be t(72). What is the highest common factor of l and 4?
2
Suppose -97436 = 80*a + 27*a - 1790176. What is the greatest common factor of a and 7?
7
Suppose 5*z - 7 = 8. Suppose 3*v = -3*m + 195, 2*m - 3*v - 8 = 117. Let q be 200/m + z/(-24). What is the highest common factor of 2 and q?
1
Let k(v) = 1553*v - 9293. Let i be k(6). Let a(u) = u**2 - u + 80. Let y be a(0). Calculate the greatest common divisor of i and y.
5
Let i be 1 + 1 - (-227 - (7 - 2)). Calculate the highest common factor of 12 and i.
6
Let w be 2 + -6 + (-2274)/(-3). Suppose -3*a + m = -w, -3*a - m - 1254 = -8*a. Calculate the highest common divisor of 50 and a.
50
Let i(j) = -4*j - 2. Let l be i(-6). Let z be (-24)/(-9)*84/(-2)*-1. Suppose -z + l = -2*h. Calculate the highest common divisor of h and 5.
5
Suppose 58*n - 5539 = -1073. What is the highest common divisor of n and 297?
11
Let u be (102/5)/((-1)/((-840)/63)). Let i be -4 + (-76)/(-20) + 1284/20. What is the greatest common factor of i and u?
16
Let a be ((1 - -3)/(-2))/(-2) - 151. Let t = a + 270. What is the highest common factor of 6 and t?
6
Suppose -671 + 1245 = 14*t. What is the highest common divisor of 656 and t?
41
Suppose -z + s - 575 = -5*z, 5*z - s - 721 = 0. Suppose 35*f + x - 1028 + 8531 = 47*f, 75 = -5*x. Calculate the greatest common divisor of f and z.
48
Suppose 4*d - 8 = -2*r, 0 = -17*r + 13*r - 8. What is the greatest common factor of d and 1671?
3
Suppose -4*j = 14*k - 11*k - 333, 3*j - k = 240. What is the highest common divisor of 648 and j?
81
Suppose -9*m + 13*m = 20. Suppose -c = 3*y - 50 + 1236, m*y - 3*c = -2000. Let j = y + 712. What is the highest common divisor of 35 and j?
35
Let m(g) = -2*g**2 - 54*g + 1389. Let y be m(16). What is the greatest common divisor of 9607 and y?
13
Suppose x - 329 = -4*s, -5*s = 4*x - 9*s - 1356. Let w = 385 - x. Let y = -13 + 19. Calculate the greatest common divisor of w and y.
6
Let k = 3847 + -3805. Calculate the greatest common factor of k and 150.
6
Let x(h) be the second derivative of h**3/3 + 17*h**2/2 + 7*h. Let w be x(16). Let z be 5 - (-1)/(4/64). Calculate the greatest common divisor of w and z.
7
Suppose -5*w + 2*k = -733, -w - 2*k + 128 = -21. Suppose w*s = 146*s + 47. Let j(h) = 14*h + 5. Let x be j(3). Calculate the greatest common divisor of s and x.
47
Let o = -1 - -16. Let k(w) be the second derivative of 5*w**3/6 + 69*w**2 + w - 3. Let z be k(-27). Calculate the greatest common divisor of o and z.
3
Suppose -3*z = -4*z + 11. Suppose 4*l - 6 = -y, -4*l - 48 = -5*y + 6. Suppose y*u + 54 = z*u. Calculate the highest common factor of 36 and u.
18
Let c(j) = -7*j**2 + 18*j - 8. Let f(n) = -2*n**2 + n - 1. Let d(g) = -c(g) + 3*f(g). Let q be d(15). What is the highest common factor of q and 25?
5
Let t = -20 + 1. Let k = t + 65. Suppose o = 5*o - 92. What is the highest common divisor of k and o?
23
Suppose 51*n = 19*n + 17472. Calculate the highest common divisor of 260 and n.
26
Let f be (-233)/(-932) + 60927/4. What is the highest common factor of 119 and f?
119
Suppose 0*a - 4 = -3*v - 2*a, -6 = -3*a. Suppose -5*b - x = -8 - 6, v = b - 2*x + 6. Suppose b*t = 6*t - 32. Calculate the greatest common factor of 32 and t.
8
Let a(t) = 22*t + 3. Let g be a(29). Suppose -g - 547 = -9*r. What is the highest common factor of r and 12?
12
Let c = 43 - 139. Let w = 901 + c. Calculate the highest common divisor of 35 and w.
35
Suppose -151536 = -37*u - 7*u - 79*u. What is the greatest common factor of u and 3872?
176
Suppose 4 = -4*r, 280*o - 285*o - r + 844 = 0. What is the highest common factor of 91 and o?
13
Suppose -1202*w + 1170*w = -896. What is the highest common factor of w and 2282?
14
Suppose 10*g - 8*g - 790 = 0. What is the greatest common divisor of 5 and g?
5
Suppose -1469 - 1807 = -13*l. Calculate the highest common divisor of 60 and l.
12
Let c be (-2 + 1)*37545/(-45) + (-133)/57. What is the highest common factor of 39 and c?
13
Let t = 350 + -231. Let v = t + -55. Let i = -50 + v. Calculate the greatest common factor of 56 and i.
14
Suppose -5*s - 5*h + 30 = 0, -s + 11 = -4*h - 5. What is the highest common factor of 41 and s?
1
Let d be 5329*(-3)/(-27) + (-1)/9 - -3. What is the highest common factor of 140 and d?
35
Let a be (-240)/200 - 128/10. Let r(v) = v**2 - 6*v - 3. Let d be r(3). Let k be d/18 - a/3. Calculate the greatest common divisor of 4 and k.
4
Suppose -5*l + y = -25878, -103*l + 15528 = -100*l - y. What is the greatest common factor of l and 1800?
225
Suppose -2*y + 2*i - 5 = y, 3*y - 1 = -4*i. Let c be 5*-7 - y - -3. Let m = 57 + c. Calculate the highest common divisor of 286 and m.
26
Suppose 1179*h + 168 = 1181*h. Calculate the highest common factor of h and 2674.
14
Let h(k) = -423*k - 4376. Let j be h(-12). Calculate the highest common factor of 1550 and j.
50
Suppose 0 = -0*x + 3*x + 8*x - 3619. Calculate the highest common factor of 112 and x.
7
Suppose 4*q + 0 = 3*o - 34, q + 4 = 3*o. Let i be ((-16)/12)/(q/915). What is the greatest common factor of 61 and i?
61
Let j = -3233 + 3389. Calculate the highest common factor of j and 6.